test common factor of 10546566 and 9031.
821
What is the greatest common divisor of 9788349 and 277?
277
Calculate the greatest common factor of 8823 and 1099934.
2941
Calculate the greatest common factor of 1098403 and 25901.
59
Calculate the greatest common factor of 9050430 and 10.
10
What is the highest common divisor of 43902077 and 295?
59
What is the highest common factor of 1219 and 2703?
53
What is the highest common divisor of 400 and 11759770?
10
Calculate the greatest common factor of 1642438785 and 195.
195
What is the highest common divisor of 378150 and 6150?
150
What is the greatest common divisor of 1934208 and 34304?
128
Calculate the highest common factor of 710 and 134650.
10
What is the highest common factor of 377784 and 38664?
216
Calculate the greatest common factor of 22433109 and 54513.
2019
Calculate the highest common divisor of 110186206 and 380.
38
What is the highest common divisor of 13864056 and 1416?
1416
Calculate the highest common factor of 103847315 and 325.
65
What is the highest common factor of 205370 and 114070?
110
What is the highest common factor of 1359762 and 2754?
102
Calculate the greatest common factor of 107987 and 223896319.
9817
Calculate the greatest common divisor of 131977154 and 476.
34
Calculate the greatest common divisor of 68924947 and 2821.
91
What is the highest common divisor of 114345 and 7785?
45
Calculate the highest common factor of 50102 and 4953988.
1222
What is the highest common factor of 264231 and 446508?
1413
What is the highest common divisor of 5092 and 656412?
76
What is the highest common divisor of 64 and 2391428?
4
What is the highest common divisor of 2353 and 4776228?
181
What is the highest common divisor of 49 and 129968041?
49
What is the highest common divisor of 21509 and 7489842?
157
Calculate the greatest common divisor of 3872 and 1125542.
242
What is the greatest common divisor of 385 and 127604092?
77
What is the highest common factor of 3662567 and 419575?
1291
Calculate the greatest common divisor of 4403718 and 441738.
4554
What is the highest common divisor of 44 and 788300458?
22
What is the highest common factor of 6533408 and 15232?
224
Calculate the greatest common divisor of 35826620 and 20500.
820
Calculate the highest common divisor of 660655 and 12141.
71
What is the greatest common divisor of 87908 and 1648?
4
Calculate the highest common divisor of 1438 and 17125861.
719
Calculate the greatest common factor of 5420775 and 1325.
25
Calculate the highest common factor of 14560172 and 16164.
1796
What is the highest common factor of 5140 and 6194985?
1285
What is the greatest common factor of 315 and 21949095?
105
What is the highest common divisor of 23387 and 423787?
91
What is the highest common divisor of 49 and 7601713?
49
What is the greatest common divisor of 30648 and 6562503?
3831
Calculate the highest common factor of 115254 and 56736983.
6403
What is the greatest common divisor of 77751354 and 2049?
2049
What is the greatest common factor of 4212 and 2945787?
39
What is the highest common factor of 1455548 and 36?
4
What is the highest common divisor of 165662 and 538?
2
Calculate the greatest common divisor of 1218602 and 2316.
386
Calculate the highest common factor of 345 and 36504381.
69
What is the highest common divisor of 334548936 and 288?
72
Calculate the greatest common factor of 10908 and 978669.
27
What is the highest common divisor of 30 and 13121562?
6
What is the greatest common factor of 22228 and 9985929?
5557
Calculate the highest common divisor of 436349 and 4187.
53
What is the highest common divisor of 4252240 and 256?
16
What is the highest common factor of 20 and 8459335?
5
Calculate the greatest common divisor of 64864 and 11360.
32
Calculate the greatest common divisor of 35576 and 18.
2
Calculate the greatest common factor of 411372 and 5486.
26
What is the highest common factor of 360 and 39241584?
72
Calculate the greatest common divisor of 3058 and 29398222.
278
What is the greatest common divisor of 18 and 8942978?
2
What is the greatest common factor of 1636624 and 2114702?
1094
Calculate the greatest common divisor of 175871333 and 43.
43
Calculate the greatest common factor of 3598 and 111744114.
514
What is the greatest common divisor of 7921185 and 1685?
1685
What is the highest common divisor of 162 and 2337876?
54
What is the highest common divisor of 500 and 50582200?
100
What is the highest common factor of 34999580 and 1540?
1540
Calculate the greatest common factor of 144 and 7822320.
48
What is the greatest common divisor of 2858 and 5332116298?
2858
What is the greatest common factor of 14637379 and 1619?
1619
What is the highest common factor of 804 and 2395?
1
Calculate the greatest common factor of 16660 and 5993860.
340
What is the greatest common factor of 1287 and 804609?
117
What is the greatest common divisor of 3080236 and 132?
4
Calculate the greatest common divisor of 187 and 70045100.
17
What is the greatest common divisor of 1422 and 926778?
6
Calculate the greatest common factor of 262382832 and 1926.
1926
Calculate the highest common divisor of 31535 and 2199545.
85
Calculate the greatest common factor of 2032165 and 2501955.
2155
What is the greatest common factor of 456729 and 55965?
273
Calculate the greatest common divisor of 1152 and 369896832.
1152
What is the highest common factor of 19433589 and 63?
21
Calculate the greatest common divisor of 1054878 and 18150.
726
What is the highest common factor of 1921 and 530451?
17
What is the greatest common factor of 4390 and 5955035?
2195
Calculate the greatest common divisor of 86005 and 43754.
167
What is the highest common factor of 1212 and 417329778?
606
Calculate the greatest common divisor of 572799 and 19049.
443
What is the highest common factor of 27094 and 15593310?
1426
What is the highest common factor of 1204 and 243091212?
1204
Calculate the greatest common factor of 37828676 and 118.
118
What is the highest common factor of 17330511 and 66?
33
What is the greatest common factor of 706012395 and 290?
145
Calculate the greatest common divisor of 5293 and 618209.
67
What is the highest common factor of 193 and 38128694?
193
Calculate the greatest common divisor of 230 and 160408830.
10
What is the highest common factor of 84767 and 36103?
79
What is the highest common divisor of 23952 and 7328?
16
What is the greatest common factor of 14863842 and 8694?
2898
Calculate the highest common divisor of 11544 and 3992.
8
What is the greatest common factor of 18971 and 104737?
61
Calculate the highest common divisor of 144469 and 105027.
13
What is the highest common divisor of 507 and 28118896?
169
Calculate the highest common factor of 176668 and 6380.
116
Calculate the highest common factor of 2931374 and 29230.
158
What is the greatest common factor of 6 and 2955306?
6
Calculate the highest common divisor of 3349663420 and 460.
460
What is the greatest common factor of 333039 and 1371?
3
What is the highest common factor of 7189 and 81365655?
553
What is the greatest common divisor of 2307795 and 3906?
651
What is the highest common divisor of 19407199 and 56?
7
Calculate the highest common factor of 94234 and 1068832.
254
What is the greatest common divisor of 10440 and 741348?
36
What is the greatest common divisor of 10537758 and 21?
21
What is the greatest common divisor of 22729083 and 273?
39
Calculate the greatest common factor of 35090 and 146102.
638
What is the highest common divisor of 48885 and 5569631?
3259
Calculate the highest common divisor of 13027704 and 144.
24
Calculate the greatest common factor of 7200 and 6000800.
800
Calculate the greatest common divisor of 382523871 and 333.
111
Calculate the highest common divisor of 14 and 16044581.
7
Calculate the highest common factor of 651 and 34913564.
217
Calculate the highest common factor of 19631711 and 248.
31
Calculate the highest common factor of 87 and 1017999789.
87
Calculate the greatest common factor of 57300 and 5265.
15
What is the greatest common divisor of 299 and 6442267?
13
Calculate the highest common factor of 4555977 and 93.
93
What is the highest common factor of 304625 and 62875?
125
Calculate the greatest common divisor o